 9*c + 36*c - 250335 = 0. Let s = 11420 - c. Is s prime?
True
Let o(q) = 128*q - 26. Let c(l) = -128*l + 26. Let d(n) = 7*n - 31. Let z be d(5). Let t(f) = z*o(f) + 3*c(f). Is t(8) a prime number?
False
Suppose -k + 8*k = -56. Let h be 6/k + (-9942)/24. Let t = 786 + h. Is t a composite number?
True
Let x be 194127/(-12) - ((-49)/(-28) - 2). Let z = -11456 - x. Is z composite?
False
Suppose -23 = 2*z - 3*z - 5*j, z - 2*j + 5 = 0. Suppose c = -2*s - z*c + 7888, s - 3949 = -c. Suppose 10*i - s + 144 = 0. Is i a prime number?
False
Let s(l) be the second derivative of 1282*l**3/3 + 13*l**2 - 17*l. Let n be s(-9). Let c = -16271 - n. Is c a prime number?
True
Suppose 0 = -32*s + 105*s - 33*s - 12200440. Is s composite?
True
Let f(i) = 12*i**3 + i**2 - 23*i + 49. Is f(11) composite?
False
Suppose -854614 = -2*p + 4*q, -3*q + 2136496 = 559*p - 554*p. Is p composite?
True
Let w be 120/2*(-1656)/90. Suppose 16*s = 15*s - 769. Let f = s - w. Is f composite?
True
Let p(h) = -197*h + 7. Let v be 2/(24/(-141)) - 2/8. Is p(v) a prime number?
True
Let p = 372497 + -181824. Is p a prime number?
False
Let t = 5227 + 588. Let j = 8776 + t. Is j a composite number?
False
Let j be (6/(-4))/(9/(-18)). Suppose 22 + 647 = j*v. Is v a composite number?
False
Suppose -3407 - 6733 = -15*s. Suppose 1251 = m + 3*a - s, 2*m = -2*a + 3846. Is m prime?
False
Suppose 0 = 18*f + 6 - 6. Is f/(-12) - (4 + 0 + -4371) prime?
False
Suppose -2*k - 40 = 2*k. Let t(c) = -3*c - 27. Let q be t(k). Suppose u - q*w - 569 = -0*u, 4*u + 4*w - 2212 = 0. Is u a prime number?
True
Let x(w) = -5*w**3 - 30*w**2 + 45*w + 889. Is x(-38) a prime number?
False
Let n = -164529 + 250114. Is n prime?
False
Suppose 2*y + 2*j - 32 = 0, 0 = 3*y - j - 30 - 26. Let g be y/(-54) - 73790/(-6). Is (-4 - g/3)/((-6)/9) a prime number?
False
Let a(m) = 10*m**2 - 43*m - 16. Suppose 0 = -w + s + 14 + 12, 4*w + s - 129 = 0. Is a(w) a prime number?
False
Suppose 2568*f = 2230*f + 98048054. Is f prime?
True
Suppose 0 = -2*i - 2*i + 96. Let u be (196/(-6))/(i/(-36)). Suppose 2*b + 3*g = 65, 2*b - 3*b + 4*g = -u. Is b prime?
True
Let l be 15134/(-10) + (-8)/(-20). Let f = l + 6866. Is f a prime number?
False
Suppose 4*d - 7 = 11*d. Is (d - -7)/(-2 + 7024/3508) prime?
False
Suppose 15*n - 34*n = -3120047. Is n a prime number?
False
Let u(t) = 53*t**2 - 9*t + 77. Is u(21) composite?
True
Suppose 0*z - z - 2 = -2*f, -2*f = 4*z - 2. Suppose -4*g + 2*y + y + 25 = 0, 4*g + 2*y - 10 = z. Suppose 612 = g*d - 120. Is d composite?
True
Let f = 8873 - 44985. Let s be (f/(-24))/(4/6). Suppose 465 = 2*c - s. Is c a composite number?
False
Let t(g) = g**2 + g - 344. Let y be t(-19). Let o(p) = 32*p**2 + 2*p + 1. Let z(m) = -64*m**2 - 5*m - 1. Let n(r) = 5*o(r) + 2*z(r). Is n(y) a prime number?
True
Let y = 70 - 68. Suppose y*h + 5*s + 0*s - 6788 = 0, 3*h - 10175 = -4*s. Is h prime?
True
Suppose 17*p - 13573 - 383326 = 0. Is p composite?
True
Let o(p) = 154*p**2 - 40*p - 833. Is o(-29) a prime number?
True
Suppose 15*w + 8*w = 422524 + 207975. Is w a composite number?
True
Let b(g) = -416*g - 1021. Is b(-24) a prime number?
True
Let j be -3 + (7 + 0 - (-18 + 22)). Suppose j = -2*m - 4*v + 12, -22 = -5*m + 4*v - 6*v. Suppose p + m*p - 1615 = 0. Is p composite?
True
Let y(j) = -99*j**2 + 3*j**3 - 141 + 132 + 32*j**2 + 32*j. Is y(22) a composite number?
False
Is ((-10476175)/50)/((-4)/8) a composite number?
False
Suppose 0*s = -5*s + 5*t + 75485, -s + 15093 = -2*t. Let q = s - -6212. Is q prime?
True
Suppose 15 = -0*b + 5*b - y, -b - y = -3. Suppose 32*z - 31*z - 1041 = 4*r, -2*z + 2082 = -b*r. Is z a prime number?
False
Let z = -102328 + 178555. Is z composite?
True
Suppose 96*k = -159*k - 94*k + 1665079. Is k prime?
False
Let i = 486 + -316. Is 9117 - (i/30 - (-20)/(-12)) composite?
True
Let z = -553 + 553. Suppose z = -26*f + 18*f + 2552. Is f a composite number?
True
Suppose -552994 = -16*v + 63278. Suppose -v - 3632 = -5*r - 3*p, 8421 = r + 5*p. Is r a composite number?
False
Let a = -5003 - -6264. Is a a prime number?
False
Suppose 10*c + 0*c = -6890. Is 20/(-2)*(c/2 - 1) a prime number?
False
Suppose 0 = -a - 9 + 8. Let g(r) = -6139*r**3 + r**2 - 1. Let x be g(a). Suppose 3*c - x = -4*c. Is c a prime number?
True
Let p(t) = 1229*t**2 - 12*t - 4. Let s be p(-3). Let n = 15530 - s. Suppose 17*f - n - 2176 = 0. Is f prime?
True
Let p = -88 - -54. Let m = p - -30. Is m*(0 + 129/(-12)) a composite number?
False
Let n = -13 + 9. Let l = n - -8. Suppose l*s - 217 = -65. Is s composite?
True
Let i(t) = 33*t**2 + 11*t - 47. Let h(x) = 8*x - 18. Let j be h(3). Is i(j) composite?
True
Suppose 0 = -s + 8908 - 1913. Let n be (0 + (-5)/(45/(-36)))*(-1 - 1015). Let u = n + s. Is u prime?
False
Let n be (4/(-4))/((-1)/7). Let l(g) = 501*g - 100. Is l(n) prime?
True
Let c = -508 - -12407. Is c a composite number?
True
Let u(b) = -5 - 7055*b + 2 + 21*b**2 + b**3 + 7041*b. Is u(10) a composite number?
False
Let w(g) = g**3 - 92*g**2 + 100*g + 166. Is w(117) a prime number?
True
Is 288449/3 + (-920)/(-690) prime?
False
Let d(k) = -4*k**3 - 160*k**2 + 142*k - 17. Is d(-42) a prime number?
False
Suppose -6*c = -5*c - 2. Suppose 3*w = -c + 5. Is (-6)/(-18)*1542/w prime?
False
Suppose -39*f + 851256 + 3128577 = 0. Is f a composite number?
True
Suppose 2*n - 2 = 0, -3*p + 7*p + 5*n = 7793. Suppose 2*j + j - p = 0. Is j a prime number?
False
Let r = -39198 + 76195. Is r composite?
False
Let q = -247 + 930. Let p be (-457)/2*8/(-12)*21. Suppose q = 6*v - p. Is v prime?
True
Let a(l) = 80689*l - 23. Is a(6) a composite number?
False
Suppose 0*o - 5*o + 4*y = 62147, 12430 = -o + y. Let x = 3991 - o. Is x prime?
False
Suppose 0 = 4*p + 2532*g - 2537*g - 2059772, -514917 = -p - 2*g. Is p composite?
False
Is (5/5 - -26698)*5 a composite number?
True
Suppose 3*t + 69637 = y, -5*y + 15*t = 17*t - 348185. Is y a prime number?
False
Let u(f) = f**3 + 29*f**2 + 24*f + 15. Let g be -3 - -2 - (-3)/(-9)*-3. Suppose d + 28 = -g*d. Is u(d) a composite number?
False
Let k = 53679 - 34900. Is k a composite number?
True
Let f(j) = -43*j - 1. Let a(h) = -1. Let x(q) = q. Let n(g) = a(g) - 5*x(g). Let i be n(1). Is f(i) composite?
False
Let k(u) = -122*u**3 - 4*u**2 + 7*u + 7. Is k(-6) prime?
False
Let u = -348 - -1375. Is u composite?
True
Suppose -3*w + 0*w - 5*j + 160436 = 0, 0 = -4*j + 16. Suppose w = 6*p + 9138. Suppose p = 4*b - 5*f, -5*b + 6*f = 8*f - 9195. Is b a composite number?
True
Suppose 638 = 3*o - 1726. Suppose -o + 26125 = 4*h + 5*p, -h = 4*p - 6337. Is h prime?
False
Let v(w) = -w**3 - 25*w**2 - 27*w - 10. Let m be v(-24). Suppose d - 1003 = -m. Let l = 1372 - d. Is l a prime number?
True
Let g(n) = -n**3 + 10*n**2 - n + 24701. Is g(0) a prime number?
False
Suppose -14205404 = -28*t + 2436648. Is t prime?
True
Is 2 + -2 - (3 - 13 - -9) - -84046 composite?
False
Let i be 2 + ((-14)/(-7) - 2). Suppose 0 = -i*v - 5*t + 426, -4*t - 465 - 197 = -3*v. Is v composite?
True
Suppose -99 = 13*j + 57. Let w be 21/12 + (-3)/j. Suppose 4*g - 4*o = -g + 201, w*g = o + 78. Is g a composite number?
False
Let s be -3*(-4)/15 + 6/30. Let k = s + 99. Suppose -100 = -4*p - m, -4*p + m = -3*m - k. Is p prime?
False
Suppose h - 2 = 0, h - 4 = 4*d - 6*d. Suppose -d = -6*s + 23. Suppose -i - s*o + 273 = 0, -3*o = -5*i - 6*o + 1280. Is i composite?
True
Suppose 5*w = 12 - 2. Suppose 3*f - 418 = -g - 108, w*g - 650 = 4*f. Is g a prime number?
False
Suppose 3*y = -0*y + 74019. Let j = 5105 + y. Is (-6)/(-15) - j/(-30) a composite number?
True
Let s(w) = 329*w + 194. Let v be s(7). Suppose 7*k - 6*k = -3*d + v, -d = -k + 2497. Is k prime?
False
Let u be (1 - 3)*(-698)/(-4). Let m(b) = b**2 + 26*b - 29. Let r be m(-23). Let f = r - u. Is f composite?
False
Let t(z) = -z**2 + 969. Let y be t(0). Suppose -2*m + 22 = 3*s - 625, -3*m = 4*s - y. Is m a prime number?
False
Let b(g) = -g**3 - 6*g**2 + 9*g + 16. Let d be b(-7). Let r be (d/2 + 2)/1. Suppose k - 2 = 0, r*k = 4*o - k - 1956. Is o prime?
True
Let i = -220 + 225. Let f = 5 - 3. Suppose -816 = a + 5*s - 2895, f*a + i*s - 4178 = 0. Is a composite?
False
Let i(j) = 361*j**2 + 45*j - 143. Is i(7) prime?
False
Let h(k) = 22*k + 4*k**3 + 41 - 5*k**2 - 6*k**3 + 3*k**3 - 3 - 1. Is h(19) composite?
True
Suppose 3*k + 217 = -767. Let o